{"id":89,"date":"2023-07-13T18:58:42","date_gmt":"2023-07-13T16:58:42","guid":{"rendered":"https:\/\/lhn.cydit.eu\/?page_id=89"},"modified":"2026-01-09T19:49:39","modified_gmt":"2026-01-09T17:49:39","slug":"accueil","status":"publish","type":"page","link":"https:\/\/lahulpenature.be\/","title":{"rendered":"Accueil"},"content":{"rendered":"<div class=\"wp-block-image\">\n<figure class=\"aligncenter\"><img loading=\"lazy\" decoding=\"async\" width=\"1024\" height=\"768\" src=\"https:\/\/lahulpenature.be\/wp-content\/uploads\/2026\/01\/DSCN0437_inPixio_light.jpg\" alt=\"\" class=\"wp-image-559\" srcset=\"https:\/\/lahulpenature.be\/wp-content\/uploads\/2026\/01\/DSCN0437_inPixio_light.jpg 1024w, https:\/\/lahulpenature.be\/wp-content\/uploads\/2026\/01\/DSCN0437_inPixio_light-300x225.jpg 300w, https:\/\/lahulpenature.be\/wp-content\/uploads\/2026\/01\/DSCN0437_inPixio_light-768x576.jpg 768w, https:\/\/lahulpenature.be\/wp-content\/uploads\/2026\/01\/DSCN0437_inPixio_light-50x38.jpg 50w\" sizes=\"auto, (max-width: 1024px) 100vw, 1024px\" \/><\/figure>\n<\/div>\n\n\n<div class=\"wp-block-columns is-layout-flex wp-container-core-columns-is-layout-9d6595d7 wp-block-columns-is-layout-flex\">\n<div class=\"wp-block-column is-layout-flow wp-block-column-is-layout-flow\">\n<h2 class=\"wp-block-heading has-text-align-center has-vivid-green-cyan-color has-text-color\"><a href=\"https:\/\/lahulpenature.be\/index.php\/agenda\/\" data-type=\"page\" data-id=\"344\">D\u00e9couvrez nos activit\u00e9s<\/a><\/h2>\n\n\n\n<p class=\"has-text-align-center\">Balades natures, conf\u00e9rences et voyages sont autant d&rsquo;activit\u00e9s que vous pouvez retrouver dans notre agenda<\/p>\n<\/div>\n\n\n\n<div class=\"wp-block-column is-layout-flow wp-block-column-is-layout-flow\">\n<h2 class=\"wp-block-heading has-text-align-center\"><a href=\"https:\/\/lahulpenature.be\/index.php\/devenez-membre\/\" data-type=\"page\" data-id=\"407\">Soutenez nos actions<\/a><\/h2>\n\n\n\n<p class=\"has-text-align-center\">Rien de plus simple ! Devenez membre de notre association pour soutenir nos diff\u00e9rents projets sur et autour de La Hulpe<\/p>\n<\/div>\n<\/div>\n\n\n\n<h2 class=\"wp-block-heading has-text-align-left has-light-green-cyan-background-color has-background\">Liste des pages de notre site<\/h2>\n\n\n<ul class=\"wp-block-page-list\"><li class=\"wp-block-pages-list__item menu-item-home\"><a class=\"wp-block-pages-list__item__link\" href=\"https:\/\/lahulpenature.be\/\">Accueil<\/a><\/li><li class=\"wp-block-pages-list__item\"><a class=\"wp-block-pages-list__item__link\" href=\"https:\/\/lahulpenature.be\/index.php\/actualites\/\">Actualit\u00e9s<\/a><\/li><li class=\"wp-block-pages-list__item\"><a class=\"wp-block-pages-list__item__link\" href=\"https:\/\/lahulpenature.be\/index.php\/agenda\/\">Agenda<\/a><\/li><li class=\"wp-block-pages-list__item\"><a class=\"wp-block-pages-list__item__link\" href=\"https:\/\/lahulpenature.be\/index.php\/contact\/\">Contact<\/a><\/li><li class=\"wp-block-pages-list__item\"><a class=\"wp-block-pages-list__item__link\" href=\"https:\/\/lahulpenature.be\/index.php\/devenez-membre\/\">Devenez membre<\/a><\/li><li class=\"wp-block-pages-list__item\"><a class=\"wp-block-pages-list__item__link\" href=\"https:\/\/lahulpenature.be\/index.php\/newsletter\/\">Newsletter<\/a><\/li><li class=\"wp-block-pages-list__item\"><a class=\"wp-block-pages-list__item__link\" href=\"https:\/\/lahulpenature.be\/index.php\/privacy-policy\/\">Politique de Confidentialit\u00e9<\/a><\/li><li class=\"wp-block-pages-list__item\"><a class=\"wp-block-pages-list__item__link\" href=\"https:\/\/lahulpenature.be\/index.php\/qui-sommes-nous\/\">Qui sommes nous ?<\/a><\/li><\/ul>","protected":false},"excerpt":{"rendered":"<p>D\u00e9couvrez nos activit\u00e9s Balades natures, conf\u00e9rences et voyages sont autant d&rsquo;activit\u00e9s que vous pouvez retrouver dans notre agenda Soutenez nos actions Rien de plus&#8230;<\/p>\n","protected":false},"author":3,"featured_media":0,"parent":0,"menu_order":0,"comment_status":"closed","ping_status":"closed","template":"","meta":{"footnotes":""},"class_list":["post-89","page","type-page","status-publish","hentry"],"aioseo_notices":[],"_links":{"self":[{"href":"https:\/\/lahulpenature.be\/index.php\/wp-json\/wp\/v2\/pages\/89","targetHints":{"allow":["GET"]}}],"collection":[{"href":"https:\/\/lahulpenature.be\/index.php\/wp-json\/wp\/v2\/pages"}],"about":[{"href":"https:\/\/lahulpenature.be\/index.php\/wp-json\/wp\/v2\/types\/page"}],"author":[{"embeddable":true,"href":"https:\/\/lahulpenature.be\/index.php\/wp-json\/wp\/v2\/users\/3"}],"replies":[{"embeddable":true,"href":"https:\/\/lahulpenature.be\/index.php\/wp-json\/wp\/v2\/comments?post=89"}],"version-history":[{"count":61,"href":"https:\/\/lahulpenature.be\/index.php\/wp-json\/wp\/v2\/pages\/89\/revisions"}],"predecessor-version":[{"id":568,"href":"https:\/\/lahulpenature.be\/index.php\/wp-json\/wp\/v2\/pages\/89\/revisions\/568"}],"wp:attachment":[{"href":"https:\/\/lahulpenature.be\/index.php\/wp-json\/wp\/v2\/media?parent=89"}],"curies":[{"name":"wp","href":"https:\/\/api.w.org\/{rel}","templated":true}]}}